{"id":3657,"date":"2026-04-06T12:16:52","date_gmt":"2026-04-06T12:16:52","guid":{"rendered":"https:\/\/negociosemexame.ao\/?page_id=3657"},"modified":"2026-04-06T13:30:10","modified_gmt":"2026-04-06T13:30:10","slug":"videos","status":"publish","type":"page","link":"https:\/\/negociosemexame.ao\/index.php\/videos\/","title":{"rendered":"V\u00eddeos"},"content":{"rendered":"\t\t<div data-elementor-type=\"wp-page\" data-elementor-id=\"3657\" class=\"elementor elementor-3657\">\n\t\t\t\t<div class=\"elementor-element elementor-element-716c338 e-con-full e-flex e-con e-child\" data-id=\"716c338\" data-element_type=\"container\" data-e-type=\"container\">\n\t\t\t\t<div class=\"elementor-element elementor-element-7fb6da8 elementor-widget elementor-widget-heading\" data-id=\"7fb6da8\" data-element_type=\"widget\" data-e-type=\"widget\" data-widget_type=\"heading.default\">\n\t\t\t\t<div class=\"elementor-widget-container\">\n\t\t\t\t\t<h3 class=\"elementor-heading-title elementor-size-default\"><a href=\"https:\/\/negociosemexame.ao\/index.php\/tag\/escolhahoje1\/\">V\u00eddeos<\/a><\/h3>\t\t\t\t<\/div>\n\t\t\t\t<\/div>\n\t\t\t\t<div class=\"elementor-element elementor-element-c2ec54a elementor-view-default elementor-widget elementor-widget-icon\" data-id=\"c2ec54a\" data-element_type=\"widget\" data-e-type=\"widget\" data-widget_type=\"icon.default\">\n\t\t\t\t<div class=\"elementor-widget-container\">\n\t\t\t\t\t\t\t<div class=\"elementor-icon-wrapper\">\n\t\t\t<div class=\"elementor-icon\">\n\t\t\t<svg aria-hidden=\"true\" class=\"e-font-icon-svg e-fas-circle\" viewBox=\"0 0 512 512\" xmlns=\"http:\/\/www.w3.org\/2000\/svg\"><path d=\"M256 8C119 8 8 119 8 256s111 248 248 248 248-111 248-248S393 8 256 8z\"><\/path><\/svg>\t\t\t<\/div>\n\t\t<\/div>\n\t\t\t\t\t\t<\/div>\n\t\t\t\t<\/div>\n\t\t\t\t<div class=\"elementor-element elementor-element-359eca2 elementor-view-default elementor-widget elementor-widget-icon\" data-id=\"359eca2\" data-element_type=\"widget\" data-e-type=\"widget\" data-widget_type=\"icon.default\">\n\t\t\t\t<div class=\"elementor-widget-container\">\n\t\t\t\t\t\t\t<div class=\"elementor-icon-wrapper\">\n\t\t\t<div class=\"elementor-icon\">\n\t\t\t<svg aria-hidden=\"true\" class=\"e-font-icon-svg e-fas-square-full\" viewBox=\"0 0 512 512\" xmlns=\"http:\/\/www.w3.org\/2000\/svg\"><path d=\"M512 512H0V0h512v512z\"><\/path><\/svg>\t\t\t<\/div>\n\t\t<\/div>\n\t\t\t\t\t\t<\/div>\n\t\t\t\t<\/div>\n\t\t\t\t<\/div>\n\t\t<div class=\"elementor-element elementor-element-6d60160 e-flex e-con-boxed e-con e-parent\" data-id=\"6d60160\" data-element_type=\"container\" data-e-type=\"container\">\n\t\t\t\t\t<div class=\"e-con-inner\">\n\t\t\t\t<div class=\"elementor-element elementor-element-2b07413 elementor-widget elementor-widget-jnews_element_videoplaylist_elementor\" data-id=\"2b07413\" data-element_type=\"widget\" data-e-type=\"widget\" data-widget_type=\"jnews_element_videoplaylist_elementor.default\">\n\t\t\t\t<div class=\"elementor-widget-container\">\n\t\t\t\t\t<div  class=\"jeg_video_playlist videoplaylist jeg_col_12 jeg_vertical_playlist  jnews_module__0_69d42f486c316  \" data-unique='jnews_module__0_69d42f486c316'>\n                    <div class=\"jeg_video_playlist_wrapper\">\n                        <div class=\"jeg_video_playlist_video_content\">\n                            <div class=\"jeg_video_holder\">\n                                <div class='jeg_preview_slider_loader'>\n                                    <div class='jeg_preview_slider_loader_circle'><\/div> \n                                <\/div>\n                                <div class=\"jeg_video_container\">\n                    <div src=\"\/\/www.youtube.com\/embed\/BN53VNYJbdA?showinfo=1&amp;autohide=1&amp;rel=0&amp;wmode=opaque\" allowfullscreen=\"\" height=\"500\" width=\"700\"><\/div>\n                <\/div>\n                            <\/div>\n                        <\/div><!-- jeg_video_playlist_video_content -->\n\n                        <div class=\"jeg_video_playlist_list_wrapper\">\n                            <div class=\"jeg_video_playlist_current\">\n                                <div class=\"jeg_video_playlist_play\">\n                                    <div class=\"jeg_video_playlist_play_icon\">\n                                        <i class=\"fa fa-play\"><\/i>\n                                    <\/div>\n                                    <span>Atualmente a Tocar<\/span>\n                                <\/div>\n                                <div class=\"jeg_video_playlist_current_info\">\n                                    <h2>TED BUSINESS com Kenia Camotim: Convidada: Adelaide da Costa<\/h2>\n                                <\/div>\n                            <\/div>\n                            <div class=\"jeg_video_playlist_list_inner_wrapper\">\n                                <div class=\"jeg_video_playlist_item_wrapper\">\n                <a class=\"jeg_video_playlist_item active\" href=\"https:\/\/negociosemexame.ao\/index.php\/2026\/04\/06\/ted-business-com-kenia-camotim\/\" data-id=\"6200\">\n                    <div class=\"jeg_video_playlist_thumbnail\">\n                        <div class=\"thumbnail-container animate-lazy  size-715 \"><img decoding=\"async\" width=\"1\" height=\"1\" src=\"https:\/\/negociosemexame.ao\/wp-content\/themes\/jnews\/assets\/img\/jeg-empty.png\" class=\"attachment-jnews-120x86 size-jnews-120x86 lazyload wp-post-image\" alt=\"TED BUSINESS com Kenia Camotim: Convidada: Adelaide da Costa\" data-src=\"https:\/\/negociosemexame.ao\/wp-content\/uploads\/2026\/04\/ted-business-com-kenia-camotim.webp\" data-srcset=\"\" data-sizes=\"auto\" data-expand=\"700\" \/><\/div>\n                    <\/div>\n                    <div class=\"jeg_video_playlist_description\">\n                        <h3 class=\"jeg_video_playlist_title\">TED BUSINESS com Kenia Camotim: Convidada: Adelaide da Costa<\/h3>\n                        <span class=\"jeg_video_playlist_category\">V\u00eddeos<\/span>\n                    <\/div>\n                <\/a>\n                <\/div><div class=\"jeg_video_playlist_item_wrapper\">\n                <a class=\"jeg_video_playlist_item \" href=\"https:\/\/negociosemexame.ao\/index.php\/2026\/04\/06\/ted-business-com-kenia-camotim-convidada-bibiana-rufino-b-natural\/\" data-id=\"6216\">\n                    <div class=\"jeg_video_playlist_thumbnail\">\n                        <div class=\"thumbnail-container animate-lazy  size-715 \"><img decoding=\"async\" width=\"1\" height=\"1\" src=\"https:\/\/negociosemexame.ao\/wp-content\/themes\/jnews\/assets\/img\/jeg-empty.png\" class=\"attachment-jnews-120x86 size-jnews-120x86 lazyload wp-post-image\" alt=\"Ted Business com K\u00e9nia Camotim: Convidada Bibiana Rufino (B Natural)\" data-src=\"https:\/\/negociosemexame.ao\/wp-content\/uploads\/2026\/04\/ted-business-com-kenia-camotim-convidada-bibiana-rufino-b-natural.webp\" data-srcset=\"\" data-sizes=\"auto\" data-expand=\"700\" \/><\/div>\n                    <\/div>\n                    <div class=\"jeg_video_playlist_description\">\n                        <h3 class=\"jeg_video_playlist_title\">Ted Business com K\u00e9nia Camotim: Convidada Bibiana Rufino (B Natural)<\/h3>\n                        <span class=\"jeg_video_playlist_category\">V\u00eddeos<\/span>\n                    <\/div>\n                <\/a>\n                <\/div><div class=\"jeg_video_playlist_item_wrapper\">\n                <a class=\"jeg_video_playlist_item \" href=\"https:\/\/negociosemexame.ao\/index.php\/2026\/04\/06\/ted-business-com-kenia-camotim-convidada-karina-barbosa\/\" data-id=\"6221\">\n                    <div class=\"jeg_video_playlist_thumbnail\">\n                        <div class=\"thumbnail-container animate-lazy  size-715 \"><img decoding=\"async\" width=\"1\" height=\"1\" src=\"https:\/\/negociosemexame.ao\/wp-content\/themes\/jnews\/assets\/img\/jeg-empty.png\" class=\"attachment-jnews-120x86 size-jnews-120x86 lazyload wp-post-image\" alt=\"TEd Business com K\u00e9nia Camotim: Convidada Karina Barbosa\" data-src=\"https:\/\/negociosemexame.ao\/wp-content\/uploads\/2026\/04\/ted-business-com-kenia-camotim-convidada-karina-barbosa.webp\" data-srcset=\"\" data-sizes=\"auto\" data-expand=\"700\" \/><\/div>\n                    <\/div>\n                    <div class=\"jeg_video_playlist_description\">\n                        <h3 class=\"jeg_video_playlist_title\">TEd Business com K\u00e9nia Camotim: Convidada Karina Barbosa<\/h3>\n                        <span class=\"jeg_video_playlist_category\">V\u00eddeos<\/span>\n                    <\/div>\n                <\/a>\n                <\/div>\n                            <\/div>\n                        <\/div><!-- jeg_video_playlist_list_wrapper -->\n                        <div style=\"clear: both;\"><\/div>\n                    <\/div><!-- jeg_video_playlist_wrapper -->\n                    <script> var jnews_module__0_69d42f486c316 = {\"6200\":{\"type\":\"\",\"tag\":\"<div class=\\\"jeg_video_container\\\">\\n                    <iframe src=\\\"\\\/\\\/www.youtube.com\\\/embed\\\/BN53VNYJbdA?showinfo=1&amp;autoplay=1;&amp;autohide=1&amp;rel=0&amp;wmode=opaque\\\" allowfullscreen=\\\"\\\" height=\\\"500\\\" width=\\\"700\\\"><\\\/iframe>\\n                <\\\/div>\"},\"6216\":{\"type\":\"\",\"tag\":\"<div class=\\\"jeg_video_container\\\">\\n                    <iframe src=\\\"\\\/\\\/www.youtube.com\\\/embed\\\/j9SxuiDL728?showinfo=1&amp;autoplay=1;&amp;autohide=1&amp;rel=0&amp;wmode=opaque\\\" allowfullscreen=\\\"\\\" height=\\\"500\\\" width=\\\"700\\\"><\\\/iframe>\\n                <\\\/div>\"},\"6221\":{\"type\":\"\",\"tag\":\"<div class=\\\"jeg_video_container\\\">\\n                    <iframe src=\\\"\\\/\\\/www.youtube.com\\\/embed\\\/Xvmmluvj39o?showinfo=1&amp;autoplay=1;&amp;autohide=1&amp;rel=0&amp;wmode=opaque\\\" allowfullscreen=\\\"\\\" height=\\\"500\\\" width=\\\"700\\\"><\\\/iframe>\\n                <\\\/div>\"}}; <\/script>\n                <\/div>\t\t\t\t<\/div>\n\t\t\t\t<\/div>\n\t\t\t\t\t<\/div>\n\t\t\t\t<\/div>\n\t\t\t\t<\/div>\n\t\t","protected":false},"excerpt":{"rendered":"<p>V\u00eddeos Currently Playing TED BUSINESS com Kenia Camotim: Convidada: Adelaide da Costa TED BUSINESS com Kenia Camotim: Convidada: Adelaide da Costa V\u00eddeos Ted Business com K\u00e9nia Camotim: Convidada Bibiana Rufino (B Natural) V\u00eddeos TEd Business com K\u00e9nia Camotim: Convidada Karina Barbosa V\u00eddeos<\/p>\n","protected":false},"author":1,"featured_media":0,"parent":0,"menu_order":0,"comment_status":"closed","ping_status":"closed","template":"","meta":{"jnews_page_loop":[],"jnews_single_page":[],"footnotes":""},"class_list":["post-3657","page","type-page","status-publish","hentry"],"_links":{"self":[{"href":"https:\/\/negociosemexame.ao\/index.php\/wp-json\/wp\/v2\/pages\/3657","targetHints":{"allow":["GET"]}}],"collection":[{"href":"https:\/\/negociosemexame.ao\/index.php\/wp-json\/wp\/v2\/pages"}],"about":[{"href":"https:\/\/negociosemexame.ao\/index.php\/wp-json\/wp\/v2\/types\/page"}],"author":[{"embeddable":true,"href":"https:\/\/negociosemexame.ao\/index.php\/wp-json\/wp\/v2\/users\/1"}],"replies":[{"embeddable":true,"href":"https:\/\/negociosemexame.ao\/index.php\/wp-json\/wp\/v2\/comments?post=3657"}],"version-history":[{"count":26,"href":"https:\/\/negociosemexame.ao\/index.php\/wp-json\/wp\/v2\/pages\/3657\/revisions"}],"predecessor-version":[{"id":6243,"href":"https:\/\/negociosemexame.ao\/index.php\/wp-json\/wp\/v2\/pages\/3657\/revisions\/6243"}],"wp:attachment":[{"href":"https:\/\/negociosemexame.ao\/index.php\/wp-json\/wp\/v2\/media?parent=3657"}],"curies":[{"name":"wp","href":"https:\/\/api.w.org\/{rel}","templated":true}]}}