{"id":2310,"date":"2026-02-27T10:10:26","date_gmt":"2026-02-27T10:10:26","guid":{"rendered":"https:\/\/negociosemexame.ao\/?page_id=2310"},"modified":"2026-02-27T12:14:45","modified_gmt":"2026-02-27T12:14:45","slug":"contactos","status":"publish","type":"page","link":"https:\/\/negociosemexame.ao\/index.php\/contactos\/","title":{"rendered":"Contactos"},"content":{"rendered":"\t\t<div data-elementor-type=\"wp-post\" data-elementor-id=\"2310\" class=\"elementor elementor-2310\">\n\t\t\t\t<div class=\"elementor-element elementor-element-eb1dc05 e-flex e-con-boxed e-con e-parent\" data-id=\"eb1dc05\" data-element_type=\"container\" data-e-type=\"container\">\n\t\t\t\t\t<div class=\"e-con-inner\">\n\t\t\t\t<div class=\"elementor-element elementor-element-27bbd8e elementor-widget elementor-widget-heading\" data-id=\"27bbd8e\" data-element_type=\"widget\" data-e-type=\"widget\" data-widget_type=\"heading.default\">\n\t\t\t\t<div class=\"elementor-widget-container\">\n\t\t\t\t\t<h1 class=\"elementor-heading-title elementor-size-default\">Contactos<\/h1>\t\t\t\t<\/div>\n\t\t\t\t<\/div>\n\t\t\t\t\t<\/div>\n\t\t\t\t<\/div>\n\t\t<div class=\"elementor-element elementor-element-92f4570 e-flex e-con-boxed e-con e-parent\" data-id=\"92f4570\" data-element_type=\"container\" data-e-type=\"container\">\n\t\t\t\t\t<div class=\"e-con-inner\">\n\t\t<div class=\"elementor-element elementor-element-8fa697d e-con-full e-flex e-con e-child\" data-id=\"8fa697d\" data-element_type=\"container\" data-e-type=\"container\" data-settings=\"{&quot;background_background&quot;:&quot;classic&quot;}\">\n\t\t<div class=\"elementor-element elementor-element-3b31aff e-con-full e-flex e-con e-child\" data-id=\"3b31aff\" data-element_type=\"container\" data-e-type=\"container\">\n\t\t\t\t<div class=\"elementor-element elementor-element-c8855fd elementor-widget elementor-widget-heading\" data-id=\"c8855fd\" data-element_type=\"widget\" data-e-type=\"widget\" data-widget_type=\"heading.default\">\n\t\t\t\t<div class=\"elementor-widget-container\">\n\t\t\t\t\t<h2 class=\"elementor-heading-title elementor-size-default\">Comercial<\/h2>\t\t\t\t<\/div>\n\t\t\t\t<\/div>\n\t\t\t\t<div class=\"elementor-element elementor-element-cb6e9fa elementor-widget elementor-widget-text-editor\" data-id=\"cb6e9fa\" data-element_type=\"widget\" data-e-type=\"widget\" data-widget_type=\"text-editor.default\">\n\t\t\t\t<div class=\"elementor-widget-container\">\n\t\t\t\t\t\t\t\t\t<p>Comercial<br \/>\ud83d\udce7 Email: <strong data-start=\"22\" data-end=\"51\"><a class=\"decorated-link cursor-pointer\" href=\"mailto:comercial@medianova.co.ao\" rel=\"noopener\" data-start=\"24\" data-end=\"49\">comercial@medianova.co.ao<\/a><\/strong><br data-start=\"51\" data-end=\"54\" \/>\ud83d\udcde Tel: <strong data-start=\"62\" data-end=\"82\">+244 943 028 039<\/strong><\/p>\t\t\t\t\t\t\t\t<\/div>\n\t\t\t\t<\/div>\n\t\t\t\t<\/div>\n\t\t\t\t<\/div>\n\t\t\t\t\t<\/div>\n\t\t\t\t<\/div>\n\t\t<div class=\"elementor-element elementor-element-90f0d5a e-flex e-con-boxed e-con e-parent\" data-id=\"90f0d5a\" data-element_type=\"container\" data-e-type=\"container\" data-settings=\"{&quot;background_background&quot;:&quot;classic&quot;}\">\n\t\t\t\t\t<div class=\"e-con-inner\">\n\t\t<div class=\"elementor-element elementor-element-31be295 e-con-full e-flex e-con e-child\" data-id=\"31be295\" data-element_type=\"container\" data-e-type=\"container\" data-settings=\"{&quot;background_background&quot;:&quot;classic&quot;}\">\n\t\t<div class=\"elementor-element elementor-element-a323820 e-con-full e-flex e-con e-child\" data-id=\"a323820\" data-element_type=\"container\" data-e-type=\"container\">\n\t\t\t\t<div class=\"elementor-element elementor-element-00fe236 elementor-widget elementor-widget-heading\" data-id=\"00fe236\" data-element_type=\"widget\" data-e-type=\"widget\" data-widget_type=\"heading.default\">\n\t\t\t\t<div class=\"elementor-widget-container\">\n\t\t\t\t\t<h2 class=\"elementor-heading-title elementor-size-default\">Agencia Medianova<\/h2>\t\t\t\t<\/div>\n\t\t\t\t<\/div>\n\t\t\t\t<div class=\"elementor-element elementor-element-4855ee2 elementor-widget elementor-widget-text-editor\" data-id=\"4855ee2\" data-element_type=\"widget\" data-e-type=\"widget\" data-widget_type=\"text-editor.default\">\n\t\t\t\t<div class=\"elementor-widget-container\">\n\t\t\t\t\t\t\t\t\t<p>Agencia Medianova<br \/>\ud83d\udce7 Email: <a href=\"mailto:agencia@medianova.co.ao\">agencia@medianova.co.ao<\/a><br \/>\ud83d\udcde Tel: + 244 922 682 440<\/p>\t\t\t\t\t\t\t\t<\/div>\n\t\t\t\t<\/div>\n\t\t\t\t<\/div>\n\t\t\t\t<\/div>\n\t\t\t\t\t<\/div>\n\t\t\t\t<\/div>\n\t\t<div class=\"elementor-element elementor-element-a2328ef e-flex e-con-boxed e-con e-parent\" data-id=\"a2328ef\" data-element_type=\"container\" data-e-type=\"container\">\n\t\t\t\t\t<div class=\"e-con-inner\">\n\t\t<div class=\"elementor-element elementor-element-747bea9 e-con-full e-flex e-con e-child\" data-id=\"747bea9\" data-element_type=\"container\" data-e-type=\"container\" data-settings=\"{&quot;background_background&quot;:&quot;classic&quot;}\">\n\t\t<div class=\"elementor-element elementor-element-867ae86 e-con-full e-flex e-con e-child\" data-id=\"867ae86\" data-element_type=\"container\" data-e-type=\"container\">\n\t\t\t\t<div class=\"elementor-element elementor-element-de28127 elementor-widget elementor-widget-heading\" data-id=\"de28127\" data-element_type=\"widget\" data-e-type=\"widget\" data-widget_type=\"heading.default\">\n\t\t\t\t<div class=\"elementor-widget-container\">\n\t\t\t\t\t<h2 class=\"elementor-heading-title elementor-size-default\">Marketing<\/h2>\t\t\t\t<\/div>\n\t\t\t\t<\/div>\n\t\t\t\t<div class=\"elementor-element elementor-element-6ba62a2 elementor-widget elementor-widget-text-editor\" data-id=\"6ba62a2\" data-element_type=\"widget\" data-e-type=\"widget\" data-widget_type=\"text-editor.default\">\n\t\t\t\t<div class=\"elementor-widget-container\">\n\t\t\t\t\t\t\t\t\t<p>Marketing <br \/>\ud83d\udce7 Email: <a href=\"direcao.mkt@medianova.co.ao\">marketing@medianova.co.ao<\/a><br \/>\ud83d\udcdeTel: +244 947787689<\/p>\t\t\t\t\t\t\t\t<\/div>\n\t\t\t\t<\/div>\n\t\t\t\t<\/div>\n\t\t\t\t<\/div>\n\t\t\t\t\t<\/div>\n\t\t\t\t<\/div>\n\t\t<div class=\"elementor-element elementor-element-fbdb5ea e-flex e-con-boxed e-con e-parent\" data-id=\"fbdb5ea\" data-element_type=\"container\" data-e-type=\"container\">\n\t\t\t\t\t<div class=\"e-con-inner\">\n\t\t<div class=\"elementor-element elementor-element-ab32910 e-con-full e-flex e-con e-child\" data-id=\"ab32910\" data-element_type=\"container\" data-e-type=\"container\" data-settings=\"{&quot;background_background&quot;:&quot;classic&quot;}\">\n\t\t<div class=\"elementor-element elementor-element-bac8de1 e-con-full e-flex e-con e-child\" data-id=\"bac8de1\" data-element_type=\"container\" data-e-type=\"container\">\n\t\t\t\t<div class=\"elementor-element elementor-element-8fb640f elementor-widget elementor-widget-heading\" data-id=\"8fb640f\" data-element_type=\"widget\" data-e-type=\"widget\" data-widget_type=\"heading.default\">\n\t\t\t\t<div class=\"elementor-widget-container\">\n\t\t\t\t\t<h2 class=\"elementor-heading-title elementor-size-default\">Distribui\u00e7\u00e3o e Assinaturas<\/h2>\t\t\t\t<\/div>\n\t\t\t\t<\/div>\n\t\t\t\t<div class=\"elementor-element elementor-element-8882185 elementor-widget elementor-widget-text-editor\" data-id=\"8882185\" data-element_type=\"widget\" data-e-type=\"widget\" data-widget_type=\"text-editor.default\">\n\t\t\t\t<div class=\"elementor-widget-container\">\n\t\t\t\t\t\t\t\t\t<p>Distribui\u00e7\u00e3o e Assinaturas<br \/>\ud83d\udce7 Email: <a href=\"mailto:ditribuicao@medianova.co.ao\">ditribuicao@medianova.co.ao<\/a><br \/>\ud83d\udcdeTel : +244\u00a0943\u00a0028\u00a0039<\/p>\t\t\t\t\t\t\t\t<\/div>\n\t\t\t\t<\/div>\n\t\t\t\t<\/div>\n\t\t\t\t<\/div>\n\t\t\t\t\t<\/div>\n\t\t\t\t<\/div>\n\t\t<div class=\"elementor-element elementor-element-1b162e9 e-flex e-con-boxed e-con e-parent\" data-id=\"1b162e9\" data-element_type=\"container\" data-e-type=\"container\">\n\t\t\t\t\t<div class=\"e-con-inner\">\n\t\t<div class=\"elementor-element elementor-element-6bc91b5 e-con-full e-flex e-con e-child\" data-id=\"6bc91b5\" data-element_type=\"container\" data-e-type=\"container\" data-settings=\"{&quot;background_background&quot;:&quot;classic&quot;}\">\n\t\t<div class=\"elementor-element elementor-element-64bbe66 e-con-full e-flex e-con e-child\" data-id=\"64bbe66\" data-element_type=\"container\" data-e-type=\"container\">\n\t\t\t\t<div class=\"elementor-element elementor-element-323d9c9 elementor-widget elementor-widget-heading\" data-id=\"323d9c9\" data-element_type=\"widget\" data-e-type=\"widget\" data-widget_type=\"heading.default\">\n\t\t\t\t<div class=\"elementor-widget-container\">\n\t\t\t\t\t<h2 class=\"elementor-heading-title elementor-size-default\">Endere\u00e7o<\/h2>\t\t\t\t<\/div>\n\t\t\t\t<\/div>\n\t\t\t\t<div class=\"elementor-element elementor-element-34649e3 elementor-widget elementor-widget-text-editor\" data-id=\"34649e3\" data-element_type=\"widget\" data-e-type=\"widget\" data-widget_type=\"text-editor.default\">\n\t\t\t\t<div class=\"elementor-widget-container\">\n\t\t\t\t\t\t\t\t\t<p>Endere\u00e7o<br \/>Condominio Alpha, Talatona-Luanda<br \/>\ud83d\udcdeTel: +244\u00a0943\u00a0023 747<\/p>\t\t\t\t\t\t\t\t<\/div>\n\t\t\t\t<\/div>\n\t\t\t\t<\/div>\n\t\t\t\t<\/div>\n\t\t\t\t\t<\/div>\n\t\t\t\t<\/div>\n\t\t\t\t<\/div>\n\t\t","protected":false},"excerpt":{"rendered":"<p>Contactos Comercial Comercial\ud83d\udce7 Email: comercial@medianova.co.ao\ud83d\udcde Tel: +244 943 028 039 Agencia Medianova Agencia Medianova\ud83d\udce7 Email: agencia@medianova.co.ao\ud83d\udcde Tel: + 244 922 682 440 Marketing Marketing \ud83d\udce7 Email: marketing@medianova.co.ao\ud83d\udcdeTel: +244 947787689 Distribui\u00e7\u00e3o e Assinaturas Distribui\u00e7\u00e3o e Assinaturas\ud83d\udce7 Email: ditribuicao@medianova.co.ao\ud83d\udcdeTel : +244\u00a0943\u00a0028\u00a0039 Endere\u00e7o Endere\u00e7oCondominio Alpha, Talatona-Luanda\ud83d\udcdeTel: +244\u00a0943\u00a0023 747<\/p>\n","protected":false},"author":3,"featured_media":0,"parent":0,"menu_order":0,"comment_status":"closed","ping_status":"closed","template":"elementor_header_footer","meta":{"jnews_page_loop":[],"jnews_single_page":[],"footnotes":""},"class_list":["post-2310","page","type-page","status-publish","hentry"],"_links":{"self":[{"href":"https:\/\/negociosemexame.ao\/index.php\/wp-json\/wp\/v2\/pages\/2310","targetHints":{"allow":["GET"]}}],"collection":[{"href":"https:\/\/negociosemexame.ao\/index.php\/wp-json\/wp\/v2\/pages"}],"about":[{"href":"https:\/\/negociosemexame.ao\/index.php\/wp-json\/wp\/v2\/types\/page"}],"author":[{"embeddable":true,"href":"https:\/\/negociosemexame.ao\/index.php\/wp-json\/wp\/v2\/users\/3"}],"replies":[{"embeddable":true,"href":"https:\/\/negociosemexame.ao\/index.php\/wp-json\/wp\/v2\/comments?post=2310"}],"version-history":[{"count":19,"href":"https:\/\/negociosemexame.ao\/index.php\/wp-json\/wp\/v2\/pages\/2310\/revisions"}],"predecessor-version":[{"id":5597,"href":"https:\/\/negociosemexame.ao\/index.php\/wp-json\/wp\/v2\/pages\/2310\/revisions\/5597"}],"wp:attachment":[{"href":"https:\/\/negociosemexame.ao\/index.php\/wp-json\/wp\/v2\/media?parent=2310"}],"curies":[{"name":"wp","href":"https:\/\/api.w.org\/{rel}","templated":true}]}}